{"id":22,"date":"2020-01-29T12:35:20","date_gmt":"2020-01-29T12:35:20","guid":{"rendered":"https:\/\/museoemelec.ec\/?page_id=22"},"modified":"2020-02-05T23:46:10","modified_gmt":"2020-02-05T23:46:10","slug":"placas","status":"publish","type":"page","link":"https:\/\/museoemelec.ec\/index.php\/placas\/","title":{"rendered":"Placas"},"content":{"rendered":"\n\t<section class=\"section dark\" id=\"section_809532755\">\n\t\t<div class=\"bg section-bg fill bg-fill  \" >\n\n\t\t\t\n\t\t\t<div class=\"section-bg-overlay absolute fill\"><\/div><button class=\"scroll-for-more z-5 icon absolute bottom h-center\" aria-label=\"Despl\u00e1cese para m\u00e1s\"><i class=\"icon-angle-down\" style=\"font-size:42px;\" ><\/i><\/button>\n\t\t\t\n\n\t\t<\/div>\n\n\t\t\n\n\t\t<div class=\"section-content relative\">\n\t\t\t\n\n<div class=\"row align-center\"  id=\"row-1221599346\">\n\n\n\t<div id=\"col-245144542\" class=\"col medium-7 small-12 large-7\"  >\n\t\t\t\t<div class=\"col-inner text-center\"  >\n\t\t\t\n\t\t\t\n\n\n\t\t<\/div>\n\t\t\t\t\t<\/div>\n\n\t\n\n<\/div>\n\n\t\t<\/div>\n\n\t\t\n<style>\n#section_809532755 {\n  padding-top: 30px;\n  padding-bottom: 30px;\n  min-height: 500px;\n}\n#section_809532755 .section-bg-overlay {\n  background-color: rgba(0, 0, 0, 0.43);\n}\n#section_809532755 .section-bg.bg-loaded {\n  background-image: url(https:\/\/museoemelec.ec\/wp-content\/uploads\/2020\/02\/dsc_0783.jpg);\n}\n<\/style>\n\t<\/section>\n\t\n\t<section class=\"section\" id=\"section_290510608\">\n\t\t<div class=\"bg section-bg fill bg-fill  bg-loaded\" >\n\n\t\t\t\n\t\t\t\n\t\t\t\n\n\t\t<\/div>\n\n\t\t\n\n\t\t<div class=\"section-content relative\">\n\t\t\t\n\n<div class=\"row align-center\"  id=\"row-393121216\">\n\n\n\t<div id=\"col-1102070837\" class=\"col medium-8 small-12 large-8\"  >\n\t\t\t\t<div class=\"col-inner text-center\"  >\n\t\t\t\n\t\t\t\n\n<p><span id=\"u4530\">No dejes pasar por alto la oportunidad \u00fanica de inmortalizarte abrazado a la historia del Club de tus amores. Ser reconocido como Hincha Honorario no tiene precio y es ahora la ocasi\u00f3n de expresar tu apoyo y convicciones para que el Museo de tu querido Club sea \u00fanico y espectacular, a la vez que puedes figurar, a trav\u00e9s de una placa con tu nombre, en un sitio privilegiado y especial del Museo.<\/span><\/p>\n<p><span id=\"u4530-3\">Existen tambi\u00e9n placas para empresas que se identifican con la causa azul y que pueden ser reconocidas por su patrocinio al Club Sport Emelec. Igual que las anteriores, cada visitante al Museo las podr\u00e1 ver y apreciar.<\/span><\/p>\n<a href=\"\/about\" target=\"_self\" class=\"button alert is-outline lowercase\"  style=\"border-radius:4px;\">\n    <span>CERRADO<\/span>\n  <\/a>\n\n\n\n\t\t<\/div>\n\t\t\t\t\n<style>\n#col-1102070837 > .col-inner {\n  padding: 30px 0px 60px 0px;\n}\n<\/style>\n\t<\/div>\n\n\t\n\n<\/div>\n\n\t\t<\/div>\n\n\t\t\n<style>\n#section_290510608 {\n  padding-top: 90px;\n  padding-bottom: 90px;\n  background-color: rgb(255,255,255);\n}\n<\/style>\n\t<\/section>\n\t\n\n","protected":false},"excerpt":{"rendered":"","protected":false},"author":1,"featured_media":0,"parent":0,"menu_order":0,"comment_status":"closed","ping_status":"closed","template":"","meta":{"footnotes":""},"_links":{"self":[{"href":"https:\/\/museoemelec.ec\/index.php\/wp-json\/wp\/v2\/pages\/22"}],"collection":[{"href":"https:\/\/museoemelec.ec\/index.php\/wp-json\/wp\/v2\/pages"}],"about":[{"href":"https:\/\/museoemelec.ec\/index.php\/wp-json\/wp\/v2\/types\/page"}],"author":[{"embeddable":true,"href":"https:\/\/museoemelec.ec\/index.php\/wp-json\/wp\/v2\/users\/1"}],"replies":[{"embeddable":true,"href":"https:\/\/museoemelec.ec\/index.php\/wp-json\/wp\/v2\/comments?post=22"}],"version-history":[{"count":2,"href":"https:\/\/museoemelec.ec\/index.php\/wp-json\/wp\/v2\/pages\/22\/revisions"}],"predecessor-version":[{"id":249,"href":"https:\/\/museoemelec.ec\/index.php\/wp-json\/wp\/v2\/pages\/22\/revisions\/249"}],"wp:attachment":[{"href":"https:\/\/museoemelec.ec\/index.php\/wp-json\/wp\/v2\/media?parent=22"}],"curies":[{"name":"wp","href":"https:\/\/api.w.org\/{rel}","templated":true}]}}